3?
7
Calculate the remainder when 857329 is divided by 113.
111
What is the remainder when 39223974 is divided by 671?
669
What is the remainder when 1393325850 is divided by 20?
10
Calculate the remainder when 866853 is divided by 3225.
2553
Calculate the remainder when 416991 is divided by 4493.
3635
Calculate the remainder when 4681706 is divided by 45899.
8
Calculate the remainder when 115660762 is divided by 983.
982
Calculate the remainder when 3417557 is divided by 1463.
1452
Calculate the remainder when 110572364 is divided by 17.
12
Calculate the remainder when 108375235 is divided by 34.
31
Calculate the remainder when 161110 is divided by 355.
295
What is the remainder when 688718 is divided by 2188?
1686
Calculate the remainder when 4676423 is divided by 123061.
105
Calculate the remainder when 1348987 is divided by 11.
2
Calculate the remainder when 7434025 is divided by 3393.
3355
Calculate the remainder when 118208059 is divided by 507.
502
Calculate the remainder when 8299729 is divided by 4149843.
43
What is the remainder when 67150 is divided by 47?
34
Calculate the remainder when 17308435 is divided by 23.
15
What is the remainder when 15654374 is divided by 2875?
2874
What is the remainder when 1911579 is divided by 47?
42
What is the remainder when 8507498 is divided by 40?
18
Calculate the remainder when 83033 is divided by 1170.
1133
Calculate the remainder when 118465 is divided by 517.
72
Calculate the remainder when 107373751 is divided by 141.
136
What is the remainder when 426150 is divided by 3279?
3159
What is the remainder when 7822 is divided by 3630?
562
Calculate the remainder when 7869057 is divided by 16.
1
What is the remainder when 84634195 is divided by 945?
940
Calculate the remainder when 57864 is divided by 8561.
6498
What is the remainder when 30529169 is divided by 31?
28
Calculate the remainder when 354097531 is divided by 1724.
1723
Calculate the remainder when 67659338 is divided by 22.
10
Calculate the remainder when 63594 is divided by 3146.
674
Calculate the remainder when 730294 is divided by 59.
51
What is the remainder when 22709 is divided by 2072?
1989
Calculate the remainder when 23349841 is divided by 99.
97
Calculate the remainder when 109727 is divided by 3915.
107
What is the remainder when 74496 is divided by 37172?
152
Calculate the remainder when 476133 is divided by 6206.
4477
Calculate the remainder when 5407 is divided by 3407.
2000
What is the remainder when 490706 is divided by 69784?
2218
Calculate the remainder when 2505674 is divided by 313208.
10
What is the remainder when 17202 is divided by 1201?
388
What is the remainder when 235029 is divided by 1880?
29
What is the remainder when 605016 is divided by 30249?
36
What is the remainder when 2258458 is divided by 322634?
20
What is the remainder when 655645 is divided by 655528?
117
What is the remainder when 446773 is divided by 178?
171
Calculate the remainder when 38486820 is divided by 471.
468
What is the remainder when 1621038 is divided by 8187?
12
Calculate the remainder when 70708 is divided by 23514.
166
Calculate the remainder when 2296078 is divided by 79173.
61
Calculate the remainder when 32286484 is divided by 166.
148
Calculate the remainder when 323714 is divided by 74.
38
Calculate the remainder when 332397 is divided by 2915.
87
Calculate the remainder when 173636 is divided by 43387.
88
What is the remainder when 3596674 is divided by 3596654?
20
Calculate the remainder when 5351133 is divided by 2675555.
23
What is the remainder when 307655 is divided by 10254?
35
Calculate the remainder when 104188 is divided by 1130.
228
Calculate the remainder when 5247359 is divided by 729.
17
Calculate the remainder when 2726983 is divided by 209767.
12
Calculate the remainder when 193101 is divided by 365.
16
Calculate the remainder when 143559 is divided by 6243.
6213
Calculate the remainder when 26268864 is divided by 16839.
24
Calculate the remainder when 2688786 is divided by 2102.
328
Calculate the remainder when 7013744 is divided by 5484.
5192
What is the remainder when 13874 is divided by 366?
332
Calculate the remainder when 17107562 is divided by 21.
17
What is the remainder when 26239953 is divided by 1311991?
133
Calculate the remainder when 4606390 is divided by 1535383.
241
What is the remainder when 110125 is divided by 106831?
3294
Calculate the remainder when 547604 is divided by 70.
64
Calculate the remainder when 34434 is divided by 164.
158
Calculate the remainder when 180951 is divided by 60113.
612
What is the remainder when 1311835 is divided by 46822?
819
What is the remainder when 3707243 is divided by 2779?
57
What is the remainder when 18909650 is divided by 9454742?
166
What is the remainder when 365278036 is divided by 4780?
4776
What is the remainder when 99063028 is divided by 24?
4
Calculate the remainder when 14894141 is divided by 595765.
16
What is the remainder when 1111516 is divided by 180?
16
Calculate the remainder when 460257 is divided by 7082.
7009
What is the remainder when 585290 is divided by 559?
17
What is the remainder when 376232553 is divided by 49648?
9
Calculate the remainder when 92042041 is divided by 30680679.
4
What is the remainder when 207096 is divided by 333?
303
What is the remainder when 76896 is divided by 550?
446
What is the remainder when 10573612 is divided by 613?
588
What is the remainder when 51221686 is divided by 2405?
2401
What is the remainder when 345247 is divided by 171346?
2555
Calculate the remainder when 11004192 is divided by 19442.
20
What is the remainder when 11115 is divided by 192?
171
Calculate the remainder when 242174 is divided by 529.
421
What is the remainder when 1400146 is divided by 152?
74
What is the remainder when 6407 is divided by 551?
346
Calculate the remainder when 60655 is divided by 114.
7
Calculate the remainder when 27252187 is divided by 45.
7
Calculate the remainder when 670243 is divided by 54.
49
What is the remainder when 8799892 is divided by 4399945?
2
Calculate the remainder when 31684363 is divided by 511037.
69
Calculate the remainder when 17020075 is divided by 504.
499
What is the remainder when 94522056 is divided by 7837?
7836
What is the remainder when 169383 is divided by 169190?
193
Calculate the remainder when 234549 is divided by 96.
21
What is the remainder when 1593401 is divided by 550?
51
Calculate the remainder when 250462834 is divided by 234.
232
What is the remainder when 70619 is divided by 3357?
122
What is the remainder when 100109 is divided by 2257?
801
What is the remainder when 38145841 is divided by 18?
7
Calculate the remainder when 7938 is divided by 277.
182
What is the remainder when 277704714 is divided by 6196?
6190
What is the remainder when 192889407 is divided by 6?
3
Calculate the remainder when 45827222 is divided by 282884.
14
Calculate the remainder when 7542 is divided by 5946.
1596
What is the remainder when 3058010 is divided by 630?
620
Calculate the remainder when 36931695 is divided by 9960.
15
What is the remainder when 2691766 is divided by 672941?
2
Calculate the remainder when 4998243 is divided by 22.
19
What is the remainder when 724681 is divided by 197?
115
What is the remainder when 12392783 is divided by 131837?
105
What is the remainder when 5554400 is divided by 504943?
27
What is the remainder when 647113 is divided by 455?
103
What is the remainder when 723116 is divided by 83?
20
Calculate the remainder when 272444 is divided by 2329.
2280
What is the remainder when 74290 is divided by 1355?
1120
What is the remainder when 804887 is divided by 160910?
337
What is the remainder when 41959 is divided by 258?
163
Calculate the remainder when 3929597 is divided by 158.
137
What is the remainder when 7213199 is divided by 212152?
31
Calculate the remainder when 2158265 is divided by 154156.
81
Calculate the remainder when 1880097 is divided by 58.
27
What is the remainder when 8424669 is divided by 55?
44
Calculate the remainder when 494014 is divided by 493952.
62
Calculate the remainder when 491148 is divided by 298.
44
Calculate the remainder when 1145650 is divided by 482.
418
Calculate the remainder when 8798566 is divided by 84.
70
C